the prime factors of h?
3, 5, 101
Suppose 4*w = -j + 23033, -40*j + 34*j + 28758 = 5*w. What are the prime factors of w?
2, 3, 5
Suppose 3*p = -4*t + 30258, 0 = -5*t - 3*p + 1393 + 36431. What are the prime factors of t/15 + 3 - (-4)/(-10)?
3, 13
Let j(u) = -81*u + 1. Let t be j(-1). Let d be 43 + 7/((-42)/(-30)). Let b = t + d. List the prime factors of b.
2, 5, 13
Let r = 4055 + 4758. List the prime factors of r.
7, 1259
Suppose 0 = -24*p - 20*p + 484. Suppose -9769 + 815 = -p*o. What are the prime factors of o?
2, 11, 37
Let g = 50995 - -8913. What are the prime factors of (-1)/(-9) + g/612?
2, 7
Let c = -9 - 19. Let u = c + 38. Suppose 4*i = u*i - 516. What are the prime factors of i?
2, 43
Let l(d) = -d**2 - 12*d + 4. Suppose 0 = 2*f + 24. Let n be l(f). Suppose -5*g - 4*p = -10*g + 78, 0 = n*g - 3*p - 63. What are the prime factors of g?
2, 3
Let j(y) = 6*y - 36. Let i(k) = k + 3. Let g(t) = 12*i(t) + 3*j(t). What are the prime factors of g(32)?
2, 3, 37
Let l(t) = -t**3 - 7*t**2 + 10*t + 13. Let m be 0 + -1 - 8 - 3/(-3). Let g be l(m). What are the prime factors of g - (-5 - (5 - 2))?
5
Suppose 2*n - 6*n = -8*n - 64. Let c(o) = -3 + 2*o - 4 + o**2 + 4*o. What are the prime factors of c(n)?
3, 17
Suppose 65*q = -5*q + 4550. Suppose -o = 3*u - 290 + 33, 3*u - 253 = -5*o. Let j = u + q. List the prime factors of j.
151
Suppose -11*v - 1469 = 401. Let o = 13 - v. List the prime factors of o.
3, 61
Suppose -q + 152 = 2*l, -86 = -l - 13*q + 10*q. Suppose -l = w - 260. List the prime factors of w.
2, 3, 31
Let f(v) = v**3 + v**2 - 6*v + 3. Let z be f(2). Let g be (z - (4 - (-2 + 16))) + 1. Suppose -g*q + 696 = -8*q. List the prime factors of q.
2, 29
Let u = 306 + 313. Let w = -370 + u. What are the prime factors of w?
3, 83
Suppose -2*a + 5*f + 10 = 0, -3*a = -61*f + 59*f - 4. Suppose a = -629*m + 626*m + 3255. List the prime factors of m.
5, 7, 31
Suppose 68372 - 273392 = -25*h + 227080. List the prime factors of h.
2, 29, 149
Let b(t) = 6*t**2 - 8*t - 20. Suppose -4*d - 5*v - 38 = 0, 4*v - 3*v - 5 = d. List the prime factors of b(d).
2, 3, 5, 11
Let m(r) = 14*r**3 + 14*r**2 + 29*r - 56. What are the prime factors of m(8)?
2, 5, 103
Let u(o) = -o**3 + 8*o**2 + 3. Let p be u(8). Suppose -78 - 87 = -p*h. What are the prime factors of 152 - (3/(-7) - h/35)?
2, 7, 11
Suppose 36 = 98*g - 92*g. Let a(t) = 19*t + 74. What are the prime factors of a(g)?
2, 47
Suppose 20*r = 26*r. Suppose r = 7*s - s - 1524. What are the prime factors of s?
2, 127
Suppose -2*y + 17*j - 16*j = -8908, 5*y + 5*j = 22300. List the prime factors of y.
2, 557
Suppose -3*w - 4*n + 14493 = n, w = 5*n + 4851. Suppose 23*l - w = -8*l. What are the prime factors of l?
2, 3, 13
Let w(n) = 2*n + 7. Let o be w(-2). Suppose 0 = -l - f + 631, -o*l = -l - f - 1274. List the prime factors of l.
5, 127
Let v = 211 - -6918. What are the prime factors of v?
7129
List the prime factors of (-6)/(48/104) + 3353.
2, 5, 167
Suppose 2*c - 5*d + 7 = 0, -3*c - d - 5 - 14 = 0. Let h(i) be the second derivative of i**4/4 + 7*i**3/6 - i**2/2 - 4*i. List the prime factors of h(c).
5, 13
Let w(u) = 5*u**2 + 56*u + 83. List the prime factors of w(60).
41, 523
Let k(w) = -5470*w + 5549. List the prime factors of k(-5).
167, 197
Suppose -4*b - 69546 = -5*j - 188089, 4*j = 4*b - 118548. List the prime factors of b.
2, 14821
Let v(d) = 31261*d**2 - 52*d + 37. What are the prime factors of v(1)?
2, 17, 919
Let c(v) = -4*v + 37. Let z be c(10). Let r = 35 - 38. What are the prime factors of ((-148)/r)/(z/(-9) + 0)?
2, 37
Let h = 109 - 109. Suppose h = 2*m - 4*q + 5*q - 951, -3*q = -5*m + 2405. What are the prime factors of m?
2, 239
Let b(f) = -10*f - 12. Let k be b(-2). Suppose 2*l + 2*p = -0*l + 246, k = 2*p. What are the prime factors of 16/(-4 + 0) + (l - -3)?
2, 59
Let r = 95865 - 53440. What are the prime factors of r?
5, 1697
Let d(k) = 95*k**2 - 45*k**2 + k**3 + 3*k - 46*k**2 - k - 10. Suppose 5*r = 18 + 7. List the prime factors of d(r).
3, 5
Suppose -62 - 29 = -3*q - 2*k, 0 = -2*q + k + 63. Suppose 50*j = q*j + 6213. List the prime factors of j.
3, 109
Let o(r) = -5*r - 5*r**2 + 0 + 8 - 6 - r**3. Let k be o(-4). Suppose k*j - 9*j + 24 = 0. List the prime factors of j.
2
Suppose -4*v = j + 4*j + 20, -5*j = 5*v + 25. What are the prime factors of 234/6 - (-4 - j)?
43
What are the prime factors of (4876/2)/(70/140)?
2, 23, 53
Suppose -4*a + 39389 = 5*m, 0 = a + 5*m - 12872 + 3021. What are the prime factors of a?
2, 3, 547
Let p = -4166 + 4170. Let o(u) be the third derivative of u**5/30 - u**4/8 - 7*u**3/6 - u**2. What are the prime factors of o(p)?
13
Suppose 14*y - 1155 = 9*y. Suppose 0 = -4*z + 7*z - y. Let p = z + -51. List the prime factors of p.
2, 13
Let w(b) = b**3 - 3*b**2 - 16*b + 20. Let t be w(5). What are the prime factors of (2 - 7514/t) + 2/(-5)?
3, 251
Let z(s) be the second derivative of -s**3/6 - 27*s**2 + 28*s. Let p be z(-28). List the prime factors of p/(1 + 105/(-95)).
13, 19
Suppose 58*v - 62*v + 73978 = 2*t, t = 4*v - 73993. What are the prime factors of v?
53, 349
Let r(d) = d**2 + 12*d - 5. Let j be r(-13). Suppose -j*t - 69 = -277. What are the prime factors of (-290)/(-4) - (-13)/t?
73
Let b(j) = 338*j + 38. Let s be 0 + ((-4)/6)/(26/(-78)). What are the prime factors of b(s)?
2, 3, 7, 17
Suppose -4*s = q - 19, 5*s - 29*q - 23 = -30*q. Suppose -g - z + 544 + 211 = 0, s*g + 5*z = 3018. List the prime factors of g.
757
Suppose h + 18 = -y - 3*y, 2*h + 4*y = -16. Let t(d) = 172*d + 24. List the prime factors of t(h).
2, 23
Suppose -5*f + 33092 = -8353. What are the prime factors of (-9)/6 - f/(-18)?
3, 17
Let t = 502 + -455. Suppose -t*y + 28144 = -31*y. What are the prime factors of y?
1759
Let c(g) = -8*g**2 - 788*g - 37. What are the prime factors of c(-64)?
17627
Let w(x) = 107*x + 1. Let s(h) = 536*h + 4. Let p(i) = 3*s(i) - 14*w(i). What are the prime factors of p(2)?
2, 109
Let v be -1 - -34 - -2*(-2)/(-2). Suppose v + 89 = 4*t. Let n = t - 21. What are the prime factors of n?
2, 5
Suppose -2*l + 4 = 5*r - 0, 3*r = -5*l + 10. Let q be (l - 638/(-8)) + (-2)/(-8). Let i = q + -59. List the prime factors of i.
23
Let h = 99 + 26. Let g = 74 - h. What are the prime factors of (3 + 33/(-9))*g?
2, 17
Suppose 0 = -9*u + 9293 + 78511. What are the prime factors of u?
2, 3, 271
Suppose -59*m + 60*m - 3 = 0. What are the prime factors of (2901 - 3)/m + 3 + 2?
971
Suppose 2*l + 3*j = j + 8, -5*j + 6 = 3*l. Suppose l*y = 790 + 512. What are the prime factors of y?
2, 3, 31
Let z(d) = 12192*d + 15. List the prime factors of z(1).
3, 13, 313
Let c be ((-1)/6*-2)/(18/2322). Suppose -1803 = -c*h + 8173. List the prime factors of h.
2, 29
Let r = -2355 - -3943. List the prime factors of r.
2, 397
Let f = -60 + 63. Suppose 9*m - 69 - f = 0. What are the prime factors of ((-110)/m)/((-4)/32)?
2, 5, 11
Let d(f) = 4*f**3 - 12*f**2 - 2*f - 1. Let o be d(5). Let i = o - 151. What are the prime factors of i?
2, 19
Suppose -4*f + 2*u = -34612, -17*f = -19*f - 2*u + 17294. List the prime factors of f.
41, 211
Suppose -1620097 = -41*n - 261890. List the prime factors of n.
157, 211
Suppose 6*y = 433 + 131. Suppose -3*j = -n - 158 - 128, y = j + n. Let m = 270 - j. List the prime factors of m.
5, 7
Let a(o) = -11*o**3 - 4*o**2 - 33*o - 90. List the prime factors of a(-11).
2, 3, 5, 13, 37
Suppose 0 = p + 4*v - 14, 4*p = 4*v - 4. Let m be 4 - (8/p - 1). Let g = m + 41. What are the prime factors of g?
2, 3, 7
Suppose 156 = -3*i + 36. Let o be (-1 - (2 - 2))*47. Let z = i - o. List the prime factors of z.
7
Suppose -8*o - 24*o = -633433 + 197625. What are the prime factors of o?
13619
Let c(v) = -64*v + 3790. What are the prime factors of c(43)?
2, 3, 173
Let u(l) = -l**2 - 5*l - 2. Let i be u(-4). Suppose -168 = -63*w + 147. What are the prime factors of (3/w*i)/((-3)/(-75))?
2, 3, 5
Suppose 46*a - 123345 = 86488 + 95607. List the prime factors of a.
2, 5, 83
What are the prime factors of ((-2)/6)/((-1220)/615 + 2)*-768?
2, 3, 41
Suppose 2*d = 126*d - 4*d - 228720. What are the prime factors of d?
2, 953
Suppose -3*f - 8 = -2*l + 3*l, -2*l = 2*f. Suppose l = 29*b - 30*b. Let n(y) = 10*y**2 - 11*y + 5. List the prime factors of n(b).
11, 19
Let p(t) = t**2 + 6*t - 6. Let h be p(6). Let v be h